 + 4*h + 46, -a - 2*h + 30 = 0. Let y = 779 + -729. Calculate the remainder when y is divided by a.
24
Suppose -5*i - 5*k = -14 - 581, -4*i - 3*k + 481 = 0. Let h be -3 - (i/(-4) + 3). Let z = -12 + h. Calculate the remainder when z is divided by 5.
3
Suppose -2*u - 3*r = -25, -4*u = -3*u - 3*r + 10. Suppose x - 169 = -u*l, 168 = 5*l + x + x. Calculate the remainder when l is divided by -2 + 2 + -2 + 11.
7
Let z(b) = b**3 + 27*b**2 + 49*b - 19. What is the remainder when 51 is divided by z(-25)?
3
Suppose 29*a = 14*a + 465. What is the remainder when 143 is divided by a?
19
What is the remainder when 116 is divided by -45*(33/(-36) - 1/(-4))?
26
Let i(d) = -d - 6. Suppose 0 = 2*f + m - 18, 0 = -0*f + 4*f + m - 34. Calculate the remainder when f is divided by i(-8).
0
Suppose 0 = -30*z + 28*z + 2, 0 = -o - z + 458. What is the remainder when o is divided by 90?
7
Let o be -4 + (7 - (-4 - -3)). Suppose 2*s - p = 5*s - 21, -4*s - o*p = -28. Calculate the remainder when 24 is divided by s.
3
Let x = -49 + 51. Calculate the remainder when 65 is divided by x/20*6*55.
32
Let n(t) = -t**3 - 8*t**2 - 6*t + 10. Suppose 4*k = 4 + 4. Suppose 2*f - k = -16. What is the remainder when 3 is divided by n(f)?
0
Calculate the remainder when 0 - (0 - 5) - (-14 - 3) is divided by 17.
5
Suppose -5*m + 10*m - 100 = 0. Let p = 30 + -26. Suppose m = 3*d + p*c, -5*d = -0*c + c - 39. What is the remainder when d is divided by 5?
3
Suppose -5*q - 2*o + 331 = 0, -o + 2*o = -q + 68. Calculate the remainder when q is divided by 20.
5
Suppose n = 7*n - 480. Let a be ((-13)/26)/(2/n). Let t = -19 - a. What is the remainder when 3 is divided by t?
0
Let f = 1300 - 408. Calculate the remainder when f is divided by 39.
34
Suppose -82*k + 30 = -81*k. Calculate the remainder when 87 is divided by k.
27
Let z(r) = -6*r - 4. Let g(a) = -a**3 - 10*a**2 - a - 13. Let x be g(-10). Let k(f) = 5*f + 6. Calculate the remainder when k(7) is divided by z(x).
13
Let k(i) be the first derivative of -i**2 - 12*i - 1. Let r be k(-5). Calculate the remainder when 8192/80 + r/5 is divided by 26.
24
Suppose 174 = 5*j - 251. Calculate the remainder when 168 is divided by j.
83
Suppose 6*p + 3 - 9 = 0. What is the remainder when 39 - (-1 + p)/(4 - 3) is divided by 4?
3
Let c = 19 + -13. Calculate the remainder when (15/c)/((-1)/(-10)) is divided by 13.
12
Let k = 32 - 17. Suppose 196 = 13*q - 168. Calculate the remainder when q is divided by k.
13
What is the remainder when 195 is divided by 3/1 + 488/8?
3
Let v(a) = -a - 4. Calculate the remainder when v(-7) is divided by (-39)/(-65) - 2/(-5).
0
Let j(q) = -11*q - 15. Let v be j(12). Let r = v - -212. What is the remainder when r is divided by 17?
14
Suppose m + 0*m - 93 = c, -m + 3*c = -83. Let g = 194 - m. What is the remainder when g is divided by 49?
47
Suppose 0 = 3*f + 3, -y - 2*f + 2 = -12. Calculate the remainder when 429 is divided by y.
13
Suppose 3*u - 14 = 2*u + 4*x, 42 = 3*u + 4*x. Suppose -u*h + 16 = -12*h. Calculate the remainder when h is divided by 7.
1
Suppose 3*k - 460 = 74. Suppose 2*g - 3*j - 83 = 2*j, -4*g - 2*j = -k. Calculate the remainder when 129 is divided by g.
41
Suppose 7*c - 6*c + 5*a = 15, -2*c + 46 = 2*a. What is the remainder when 771 is divided by c?
21
Let t = -121 - -234. Suppose 69 + t = 13*r. What is the remainder when 68 is divided by r?
12
Let q be (-4)/(-12)*921 - 1. Let y = -216 + q. Calculate the remainder when y is divided by 16.
10
Let q(v) be the first derivative of v**3/3 + v**2/2 + 3*v + 7. What is the remainder when (2/(-1))/(5/(-10)) is divided by q(0)?
1
Suppose -17*u = -12*u + 40. Let b be 1 + -7 + 12 + u. Calculate the remainder when 27 + (-3 - b) + 4 is divided by 16.
14
Suppose 0 = -5*x - x + 54. Suppose 0 = 3*h + 5*u - x, -3 = -h - 0*h - 4*u. What is the remainder when h is divided by 1?
0
Let j(o) = o**3 - 5*o**2 - 24*o + 49. Calculate the remainder when j(8) is divided by 10.
9
Suppose 0*l = l - 4. Let s = 321 + -139. What is the remainder when s/12 + (-3)/18 is divided by l?
3
Suppose 4*y - 41 = 5*u, 0 = 3*y + u - 7 - 0. Calculate the remainder when (-1 - 82)/(3 - 16/y) is divided by 22.
17
Let s(w) = -4*w + 29. Let n be s(6). What is the remainder when 61 is divided by 28/(-5) + 5 - (-113)/n?
17
Suppose 5*t - 77 = -2*k, 0 = -2*t + 3*k + 53 - 7. Suppose w - t = 2. What is the remainder when 73 is divided by w?
16
Suppose -3*b + 69 - 12 = 0. What is the remainder when 29 is divided by b?
10
Let n(k) = k**2 - 10 + 2*k - 2 + 3*k - 8. Calculate the remainder when n(-10) is divided by 8.
6
Let c = 14 - 11. Suppose 3*o - 27 = -c*u, 2*o - 3*u - 47 = -4. What is the remainder when 41 is divided by o?
13
Calculate the remainder when (4 - 6)/((-18)/927) is divided by 9.
4
Let d(g) = -3*g**2 - 5*g + 15. Let l(j) = -8 - 7*j**2 - j + 4*j + 9*j**2. Let c(v) = 3*d(v) + 5*l(v). What is the remainder when 55 is divided by c(3)?
13
Let j = 74 - 70. Suppose -4*g + 5*n = -138, 1 = -j*n + 9. Calculate the remainder when 294 is divided by g.
35
Let o be ((-270)/(-5))/((-6)/(-4)). Suppose o = 3*k - 2*k. What is the remainder when 177 is divided by k?
33
Suppose -3*x = -5*g - 192, -x - 2*g = -g - 72. Let n = 83 - x. What is the remainder when n is divided by 8?
6
Suppose -29*m = -23*m - 882. What is the remainder when m is divided by 10?
7
Calculate the remainder when 4188 is divided by (5841/(-132))/((-11)/4 - -2).
58
Let r(d) = d**3 + 34*d**2 - 41*d - 142. What is the remainder when 543 is divided by r(-35)?
67
Suppose w - 13 = -17. Calculate the remainder when 71 is divided by (-2 - -6)/((-2)/w).
7
Suppose i = -1 + 3. Suppose o = 5*o + i*c - 22, 2*c = -10. What is the remainder when -14*(-4 - (-15)/5) is divided by o?
6
Calculate the remainder when 53 is divided by (0 - 4/14) + (-426)/(-21).
13
Let n(y) = -7*y**2 - 3*y + 53. Calculate the remainder when n(0) is divided by 17.
2
Let u be 24/11 + 2/(-11). Suppose 2*y + 4*a = 34, -u*a + 0*a = 2*y - 36. Calculate the remainder when y is divided by 11.
8
Suppose -16*g + 11*g + 60 = 0. Let v = 2 - 4. Calculate the remainder when v + (2 - -49 - 2) is divided by g.
11
Let h be (5 - 9) + 6*16 + 0. Let n = -11 + h. What is the remainder when n is divided by 14?
11
Suppose 0 = -3*l + 13 + 2. Suppose -5*r + 3 = -l*j + 73, 80 = 5*j + 5*r. What is the remainder when j is divided by 3?
0
Let r(z) = 10*z**2 + z. Let o = 5 - -58. What is the remainder when o is divided by r(1)?
8
Suppose -4*b = -z - 3*z + 12, -3*b = -z + 9. Suppose z = w + 2*c - 12, -5*w - 5*c + 38 = -27. Calculate the remainder when 22 is divided by w.
8
Suppose b + k = 22, -2*b + 32 + 33 = 5*k. Suppose 0 = 4*c - 151 - 53. Calculate the remainder when c is divided by b.
6
Suppose 3*i - 21 = 2*i. Let y = -12 + i. What is the remainder when 8/(-120)*2 - 392/(-15) is divided by y?
8
Let m be 2 + (-1 - 5) + (-21 - -28). Calculate the remainder when (6 - 4) + 47*m/1 is divided by 36.
35
Let q(f) = -10*f - 28. Let p be q(-3). Calculate the remainder when (1 + (8 - p))/((-1)/(-4)) is divided by 15.
13
Let q = 17 - -61. Calculate the remainder when q is divided by 14.
8
Let p(a) = a - 31. Let u be p(0). Let l = 39 + u. Let i(k) = -k**3 + k + 15. Calculate the remainder when i(0) is divided by l.
7
Let m be (-6)/5*(-155)/2. Suppose -107 = -4*p + m. Calculate the remainder when p is divided by 13.
11
Let w = -52 - -57. Calculate the remainder when 17 is divided by w.
2
Let z(d) = -19*d. Let y = 18 - 16. Suppose -3*q + 8 = -7*q + m, y*q + m = 2. Calculate the remainder when z(q) is divided by 5.
4
Suppose 5*m + f = 296, -2 = -f - 1. What is the remainder when m is divided by -1 + 4 + 29 + -2?
29
Suppose -12*a + 272 + 412 = 0. What is the remainder when a is divided by 31?
26
Let i(n) = n**2 - 24*n + 67. What is the remainder when 4 is divided by i(21)?
0
Suppose -4*c + 9*f = 13*f - 400, 5*c + 3*f = 508. Calculate the remainder when c is divided by 35.
34
Let z(a) = -a**2. Let o(h) = 13*h + 4. Let y(j) = -o(j) - 3*z(j). What is the remainder when y(7) is divided by 14?
10
Suppose 14*w + 88 = 22*w. Calculate the remainder when 394 is divided by w.
9
Calculate the remainder when ((-108)/45)/((-28)/2485) is divided by 38.
23
Let q = -437 + 481. Calculate the remainder when q is divided by 39.
5
Suppose 10*x + 75 = i +